{"id":243,"date":"2014-04-29T11:43:08","date_gmt":"2014-04-29T11:43:08","guid":{"rendered":"http:\/\/joinwebs.co.uk\/products\/silent\/?page_id=2"},"modified":"2025-05-22T21:44:25","modified_gmt":"2025-05-23T00:44:25","slug":"home","status":"publish","type":"page","link":"https:\/\/turbiani.com\/wpturbiani\/","title":{"rendered":"In\u00edcio"},"content":{"rendered":"\n<p><\/p>\n\n\n\n\n\n\nEstamos comemorando&nbsp;<br><span style=\"color:rgba(var(--kubio-color-6),1)\" class=\"kubio-has-inline-color\">10 anos<\/span> em 2025\n\n\n\n\n\n<strong>POR ISSO NOSSO SITE EST\u00c1 EM PLENA TRANSFORMAC\u00c3O&nbsp;<\/strong>\n\n\n\n<span style=\"color:rgba(var(--kubio-color-6),1)\" class=\"kubio-has-inline-color\"><strong>Tenha paci\u00eancia, \u00e9 um momento de reflex\u00e3o! <\/strong>Quem \u00e9ramos quando come\u00e7amos, quem seremos daqui para a frente e qual hist\u00f3ria seguiremos honrando? Muitas empresas neste pa\u00eds n\u00e3o passam de 5 anos! <strong>Pois 10 anos depois vamos al\u00e9m do Branding e do Design, trabalhando tamb\u00e9m com Inova\u00e7\u00e3o e Intelig\u00eancia Artificial!<\/strong><\/span>\n\n\n\n\nNos siga no instagram\n\n\n\n\n\n\n\n\n\n\nConheca nossa intelig\u00eancia Artificial! <br><span style=\"font-weight: 400;\" class=\"kubio-has-inline-font-family-weight\">A Nomio foi criada para resolver o problema de criac\u00e3o de nome de empresa no Brasil<\/span>\n\n\n\n\n\n\nconhecer a nomio\n\n\n\n\n\n\n\n\n\n\n\n\n\n\n<em><span style=\"color:rgba(var(--kubio-color-1),1)\" class=\"kubio-has-inline-color\">Branding<\/span><\/em>&nbsp;\u00e9 querer que sua marca dure para sempre\n\n\n\n\n\n\n\n\n\n<strong>A cria\u00e7\u00e3o da marca da sua empresa \u00e9 muito maior do que somente o logotipo.<\/strong><br>Refletir e preparar o futuro da sua marca \u00e9 decisivo para a sua longevidade. Afinal, se o logotipo pode ser atualizado em algum momento especial, o nome da empresa deve continuar o mesmo pelo m\u00e1ximo de tempo poss\u00edvel, se n\u00e3o eternamente.\n\n\n\n<br>Explicamos em alguns artigos no LinkedIn.\n\n\n\n\nLeia nossos artigos\n\n\n\n\n\n\n\n\n\n\n\n\nPortfolio\n\n\n\nConhe\u00e7a nossos melhores trabalhos\n\n\n\n\n\n\n\n\n\nbranding\n\n\n\n<a href=\"https:\/\/turbiani.com\/wpturbiani\/portfolio\/marca-de-sapatos-femininos-juliana-heels\">Branding para e-commerce de sapatos em NY<\/a>\n\n\n\n\n\nCria\u00e7\u00e3o da marca, embalagens, backdrop, convite, r\u00f3tulo de champagne e material institucional.\n\n\n\n\n\n\n\n\n\neventos\n\n\n\n<a href=\"https:\/\/turbiani.com\/wpturbiani\/portfolio\/identidade-visual-festival-danskbr\">Design para o evento comemorativo Dansk:BR<\/a>\n\n\n\n\n\nCria\u00e7\u00e3o do projeto gr\u00e1fico e layout de todas as pe\u00e7as do evento\n\n\n\n\n\n","protected":false},"excerpt":{"rendered":"","protected":false},"author":1,"featured_media":1726,"parent":0,"menu_order":0,"comment_status":"closed","ping_status":"closed","template":"","meta":{"footnotes":""},"class_list":["post-243","page","type-page","status-publish","has-post-thumbnail","hentry"],"yoast_head":"<!-- This site is optimized with the Yoast SEO plugin v25.3.1 - https:\/\/yoast.com\/wordpress\/plugins\/seo\/ -->\n<title>Cria\u00e7\u00e3o de marca para PME<\/title>\n<meta name=\"description\" content=\"Criamos o nome de empresa e marca originais, sua identidade visual, seu website ou ecommerce, te criamos os templates para as redes sociais e tudo o que voc\u00ea precisa de design para se comunicar com o seu p\u00fablico e lan\u00e7ar a sua marca.\" \/>\n<meta name=\"robots\" content=\"index, follow, max-snippet:-1, max-image-preview:large, max-video-preview:-1\" \/>\n<link rel=\"canonical\" href=\"https:\/\/turbiani.com\/wpturbiani\/\" \/>\n<meta property=\"og:locale\" content=\"pt_BR\" \/>\n<meta property=\"og:type\" content=\"article\" \/>\n<meta property=\"og:title\" content=\"Branding e Design para empresas, servi\u00e7os e eventos\" \/>\n<meta property=\"og:description\" content=\"Resolvemos qualquer problema de design, com a sabedoria do branding. Sua marca ser\u00e1 registr\u00e1vel e original, seu evento ter\u00e1 uma identidade visual adapt\u00e1vel e flex\u00edvel, n\u00f3s sabemos o que o seu neg\u00f3cio precisa para se comunicar com os seus clientes e resolvemos este gargalo.\" \/>\n<meta property=\"og:url\" content=\"https:\/\/turbiani.com\/wpturbiani\/\" \/>\n<meta property=\"og:site_name\" content=\"Turbiani\" \/>\n<meta property=\"article:publisher\" content=\"https:\/\/www.facebook.com\/TurbianieCo\/\" \/>\n<meta property=\"article:modified_time\" content=\"2025-05-23T00:44:25+00:00\" \/>\n<meta property=\"og:image\" content=\"https:\/\/turbiani.com\/wpturbiani\/wp-content\/uploads\/2016\/03\/Binomio_a4-letterhead-business-cards.jpg\" \/>\n<meta name=\"twitter:card\" content=\"summary_large_image\" \/>\n<meta name=\"twitter:label1\" content=\"Est. tempo de leitura\" \/>\n\t<meta name=\"twitter:data1\" content=\"1 minuto\" \/>\n<script type=\"application\/ld+json\" class=\"yoast-schema-graph\">{\"@context\":\"https:\/\/schema.org\",\"@graph\":[{\"@type\":\"WebPage\",\"@id\":\"https:\/\/turbiani.com\/wpturbiani\/\",\"url\":\"https:\/\/turbiani.com\/wpturbiani\/\",\"name\":\"Cria\u00e7\u00e3o de marca para PME\",\"isPartOf\":{\"@id\":\"https:\/\/turbiani.com\/wpturbiani\/#website\"},\"primaryImageOfPage\":{\"@id\":\"https:\/\/turbiani.com\/wpturbiani\/#primaryimage\"},\"image\":{\"@id\":\"https:\/\/turbiani.com\/wpturbiani\/#primaryimage\"},\"thumbnailUrl\":\"https:\/\/turbiani.com\/wpturbiani\/wp-content\/uploads\/2019\/01\/Eu-no-painel-e1551096035261.jpg\",\"datePublished\":\"2014-04-29T11:43:08+00:00\",\"dateModified\":\"2025-05-23T00:44:25+00:00\",\"description\":\"Criamos o nome de empresa e marca originais, sua identidade visual, seu website ou ecommerce, te criamos os templates para as redes sociais e tudo o que voc\u00ea precisa de design para se comunicar com o seu p\u00fablico e lan\u00e7ar a sua marca.\",\"breadcrumb\":{\"@id\":\"https:\/\/turbiani.com\/wpturbiani\/#breadcrumb\"},\"inLanguage\":\"pt-BR\",\"potentialAction\":[{\"@type\":\"ReadAction\",\"target\":[\"https:\/\/turbiani.com\/wpturbiani\/\"]}]},{\"@type\":\"ImageObject\",\"inLanguage\":\"pt-BR\",\"@id\":\"https:\/\/turbiani.com\/wpturbiani\/#primaryimage\",\"url\":\"https:\/\/turbiani.com\/wpturbiani\/wp-content\/uploads\/2019\/01\/Eu-no-painel-e1551096035261.jpg\",\"contentUrl\":\"https:\/\/turbiani.com\/wpturbiani\/wp-content\/uploads\/2019\/01\/Eu-no-painel-e1551096035261.jpg\",\"width\":1200,\"height\":900,\"caption\":\"Gabriella Turbiani na frente do Banner Ficha t\u00e9cnica e programa\u00e7\u00e3o do Festival Dansk!!BR\"},{\"@type\":\"BreadcrumbList\",\"@id\":\"https:\/\/turbiani.com\/wpturbiani\/#breadcrumb\",\"itemListElement\":[{\"@type\":\"ListItem\",\"position\":1,\"name\":\"In\u00edcio\",\"item\":\"https:\/\/turbiani.com\/wpturbiani\/\"},{\"@type\":\"ListItem\",\"position\":2,\"name\":\"In\u00edcio\"}]},{\"@type\":\"WebSite\",\"@id\":\"https:\/\/turbiani.com\/wpturbiani\/#website\",\"url\":\"https:\/\/turbiani.com\/wpturbiani\/\",\"name\":\"Turbiani\",\"description\":\"Branding &amp; Design\",\"publisher\":{\"@id\":\"https:\/\/turbiani.com\/wpturbiani\/#organization\"},\"potentialAction\":[{\"@type\":\"SearchAction\",\"target\":{\"@type\":\"EntryPoint\",\"urlTemplate\":\"https:\/\/turbiani.com\/wpturbiani\/?s={search_term_string}\"},\"query-input\":{\"@type\":\"PropertyValueSpecification\",\"valueRequired\":true,\"valueName\":\"search_term_string\"}}],\"inLanguage\":\"pt-BR\"},{\"@type\":\"Organization\",\"@id\":\"https:\/\/turbiani.com\/wpturbiani\/#organization\",\"name\":\"Turbiani & Co :: Branding & Design\",\"url\":\"https:\/\/turbiani.com\/wpturbiani\/\",\"logo\":{\"@type\":\"ImageObject\",\"inLanguage\":\"pt-BR\",\"@id\":\"https:\/\/turbiani.com\/wpturbiani\/#\/schema\/logo\/image\/\",\"url\":\"https:\/\/turbiani.com\/wpturbiani\/wp-content\/uploads\/2025\/01\/Logo_Turbiani.png\",\"contentUrl\":\"https:\/\/turbiani.com\/wpturbiani\/wp-content\/uploads\/2025\/01\/Logo_Turbiani.png\",\"width\":276,\"height\":49,\"caption\":\"Turbiani & Co :: Branding & Design\"},\"image\":{\"@id\":\"https:\/\/turbiani.com\/wpturbiani\/#\/schema\/logo\/image\/\"},\"sameAs\":[\"https:\/\/www.facebook.com\/TurbianieCo\/\",\"https:\/\/www.instagram.com\/turbianieco\/\",\"https:\/\/www.youtube.com\/channel\/UC6pDEieGf83BbREKDBquCRQ\"]}]}<\/script>\n<!-- \/ Yoast SEO plugin. -->","yoast_head_json":{"title":"Cria\u00e7\u00e3o de marca para PME","description":"Criamos o nome de empresa e marca originais, sua identidade visual, seu website ou ecommerce, te criamos os templates para as redes sociais e tudo o que voc\u00ea precisa de design para se comunicar com o seu p\u00fablico e lan\u00e7ar a sua marca.","robots":{"index":"index","follow":"follow","max-snippet":"max-snippet:-1","max-image-preview":"max-image-preview:large","max-video-preview":"max-video-preview:-1"},"canonical":"https:\/\/turbiani.com\/wpturbiani\/","og_locale":"pt_BR","og_type":"article","og_title":"Branding e Design para empresas, servi\u00e7os e eventos","og_description":"Resolvemos qualquer problema de design, com a sabedoria do branding. Sua marca ser\u00e1 registr\u00e1vel e original, seu evento ter\u00e1 uma identidade visual adapt\u00e1vel e flex\u00edvel, n\u00f3s sabemos o que o seu neg\u00f3cio precisa para se comunicar com os seus clientes e resolvemos este gargalo.","og_url":"https:\/\/turbiani.com\/wpturbiani\/","og_site_name":"Turbiani","article_publisher":"https:\/\/www.facebook.com\/TurbianieCo\/","article_modified_time":"2025-05-23T00:44:25+00:00","og_image":[{"url":"https:\/\/turbiani.com\/wpturbiani\/wp-content\/uploads\/2016\/03\/Binomio_a4-letterhead-business-cards.jpg","type":"","width":"","height":""}],"twitter_card":"summary_large_image","twitter_misc":{"Est. tempo de leitura":"1 minuto"},"schema":{"@context":"https:\/\/schema.org","@graph":[{"@type":"WebPage","@id":"https:\/\/turbiani.com\/wpturbiani\/","url":"https:\/\/turbiani.com\/wpturbiani\/","name":"Cria\u00e7\u00e3o de marca para PME","isPartOf":{"@id":"https:\/\/turbiani.com\/wpturbiani\/#website"},"primaryImageOfPage":{"@id":"https:\/\/turbiani.com\/wpturbiani\/#primaryimage"},"image":{"@id":"https:\/\/turbiani.com\/wpturbiani\/#primaryimage"},"thumbnailUrl":"https:\/\/turbiani.com\/wpturbiani\/wp-content\/uploads\/2019\/01\/Eu-no-painel-e1551096035261.jpg","datePublished":"2014-04-29T11:43:08+00:00","dateModified":"2025-05-23T00:44:25+00:00","description":"Criamos o nome de empresa e marca originais, sua identidade visual, seu website ou ecommerce, te criamos os templates para as redes sociais e tudo o que voc\u00ea precisa de design para se comunicar com o seu p\u00fablico e lan\u00e7ar a sua marca.","breadcrumb":{"@id":"https:\/\/turbiani.com\/wpturbiani\/#breadcrumb"},"inLanguage":"pt-BR","potentialAction":[{"@type":"ReadAction","target":["https:\/\/turbiani.com\/wpturbiani\/"]}]},{"@type":"ImageObject","inLanguage":"pt-BR","@id":"https:\/\/turbiani.com\/wpturbiani\/#primaryimage","url":"https:\/\/turbiani.com\/wpturbiani\/wp-content\/uploads\/2019\/01\/Eu-no-painel-e1551096035261.jpg","contentUrl":"https:\/\/turbiani.com\/wpturbiani\/wp-content\/uploads\/2019\/01\/Eu-no-painel-e1551096035261.jpg","width":1200,"height":900,"caption":"Gabriella Turbiani na frente do Banner Ficha t\u00e9cnica e programa\u00e7\u00e3o do Festival Dansk!!BR"},{"@type":"BreadcrumbList","@id":"https:\/\/turbiani.com\/wpturbiani\/#breadcrumb","itemListElement":[{"@type":"ListItem","position":1,"name":"In\u00edcio","item":"https:\/\/turbiani.com\/wpturbiani\/"},{"@type":"ListItem","position":2,"name":"In\u00edcio"}]},{"@type":"WebSite","@id":"https:\/\/turbiani.com\/wpturbiani\/#website","url":"https:\/\/turbiani.com\/wpturbiani\/","name":"Turbiani","description":"Branding &amp; Design","publisher":{"@id":"https:\/\/turbiani.com\/wpturbiani\/#organization"},"potentialAction":[{"@type":"SearchAction","target":{"@type":"EntryPoint","urlTemplate":"https:\/\/turbiani.com\/wpturbiani\/?s={search_term_string}"},"query-input":{"@type":"PropertyValueSpecification","valueRequired":true,"valueName":"search_term_string"}}],"inLanguage":"pt-BR"},{"@type":"Organization","@id":"https:\/\/turbiani.com\/wpturbiani\/#organization","name":"Turbiani & Co :: Branding & Design","url":"https:\/\/turbiani.com\/wpturbiani\/","logo":{"@type":"ImageObject","inLanguage":"pt-BR","@id":"https:\/\/turbiani.com\/wpturbiani\/#\/schema\/logo\/image\/","url":"https:\/\/turbiani.com\/wpturbiani\/wp-content\/uploads\/2025\/01\/Logo_Turbiani.png","contentUrl":"https:\/\/turbiani.com\/wpturbiani\/wp-content\/uploads\/2025\/01\/Logo_Turbiani.png","width":276,"height":49,"caption":"Turbiani & Co :: Branding & Design"},"image":{"@id":"https:\/\/turbiani.com\/wpturbiani\/#\/schema\/logo\/image\/"},"sameAs":["https:\/\/www.facebook.com\/TurbianieCo\/","https:\/\/www.instagram.com\/turbianieco\/","https:\/\/www.youtube.com\/channel\/UC6pDEieGf83BbREKDBquCRQ"]}]}},"_links":{"self":[{"href":"https:\/\/turbiani.com\/wpturbiani\/wp-json\/wp\/v2\/pages\/243","targetHints":{"allow":["GET"]}}],"collection":[{"href":"https:\/\/turbiani.com\/wpturbiani\/wp-json\/wp\/v2\/pages"}],"about":[{"href":"https:\/\/turbiani.com\/wpturbiani\/wp-json\/wp\/v2\/types\/page"}],"author":[{"embeddable":true,"href":"https:\/\/turbiani.com\/wpturbiani\/wp-json\/wp\/v2\/users\/1"}],"replies":[{"embeddable":true,"href":"https:\/\/turbiani.com\/wpturbiani\/wp-json\/wp\/v2\/comments?post=243"}],"version-history":[{"count":95,"href":"https:\/\/turbiani.com\/wpturbiani\/wp-json\/wp\/v2\/pages\/243\/revisions"}],"predecessor-version":[{"id":2006,"href":"https:\/\/turbiani.com\/wpturbiani\/wp-json\/wp\/v2\/pages\/243\/revisions\/2006"}],"wp:featuredmedia":[{"embeddable":true,"href":"https:\/\/turbiani.com\/wpturbiani\/wp-json\/wp\/v2\/media\/1726"}],"wp:attachment":[{"href":"https:\/\/turbiani.com\/wpturbiani\/wp-json\/wp\/v2\/media?parent=243"}],"curies":[{"name":"wp","href":"https:\/\/api.w.org\/{rel}","templated":true}]}}